{"id":95,"date":"2021-05-08T15:19:53","date_gmt":"2021-05-08T13:19:53","guid":{"rendered":"http:\/\/jaussaud-expert.com\/?page_id=95"},"modified":"2021-05-08T15:19:53","modified_gmt":"2021-05-08T13:19:53","slug":"professions-liberales","status":"publish","type":"page","link":"https:\/\/jaussaud-expert.com\/index.php\/professions-liberales\/","title":{"rendered":"Professions lib\u00e9rales"},"content":{"rendered":"\n<p>S&#8217;installer en profession lib\u00e9rale demande une grande implication professionnelle. Le cabinet vous assiste dans tous les domaines de votre activit\u00e9 et vous permet notamment de r\u00e9pondre \u00e0 vos&nbsp;obligations comptables, fiscales et sociales.<\/p>\n\n\n\n<p>Les\u00a0professionnels lib\u00e9raux peuvent compter sur nos conseils dans les domaines suivants :<\/p>\n\n\n\n<div class=\"wp-block-group\"><div class=\"wp-block-group__inner-container\">\n<ul><li>La prise en compte de votre pr\u00e9voyance et de votre retraite<\/li><li>L\u2019optimisation fiscale<\/li><li>La gestion d\u2019entreprise (tr\u00e9sorerie, financement des investissements)<\/li><li>L\u2019assistance \u00e0 l\u2019installation, le choix de la structure juridique adapt\u00e9e<\/li><li>La pr\u00e9paration ou l\u2019organisation d\u2019un exercice professionnel en groupe<\/li><\/ul>\n\n\n\n<p><\/p>\n<\/div><\/div>\n","protected":false},"excerpt":{"rendered":"<p>S&#8217;installer en profession lib\u00e9rale demande une grande implication professionnelle. Le cabinet vous assiste dans tous les domaines de votre activit\u00e9 et vous permet notamment de r\u00e9pondre \u00e0 vos&nbsp;obligations comptables, fiscales et sociales. Les\u00a0professionnels lib\u00e9raux peuvent compter sur nos conseils dans les domaines suivants :<\/p>\n","protected":false},"author":1,"featured_media":0,"parent":0,"menu_order":0,"comment_status":"closed","ping_status":"closed","template":"","meta":[],"_links":{"self":[{"href":"https:\/\/jaussaud-expert.com\/index.php\/wp-json\/wp\/v2\/pages\/95"}],"collection":[{"href":"https:\/\/jaussaud-expert.com\/index.php\/wp-json\/wp\/v2\/pages"}],"about":[{"href":"https:\/\/jaussaud-expert.com\/index.php\/wp-json\/wp\/v2\/types\/page"}],"author":[{"embeddable":true,"href":"https:\/\/jaussaud-expert.com\/index.php\/wp-json\/wp\/v2\/users\/1"}],"replies":[{"embeddable":true,"href":"https:\/\/jaussaud-expert.com\/index.php\/wp-json\/wp\/v2\/comments?post=95"}],"version-history":[{"count":1,"href":"https:\/\/jaussaud-expert.com\/index.php\/wp-json\/wp\/v2\/pages\/95\/revisions"}],"predecessor-version":[{"id":96,"href":"https:\/\/jaussaud-expert.com\/index.php\/wp-json\/wp\/v2\/pages\/95\/revisions\/96"}],"wp:attachment":[{"href":"https:\/\/jaussaud-expert.com\/index.php\/wp-json\/wp\/v2\/media?parent=95"}],"curies":[{"name":"wp","href":"https:\/\/api.w.org\/{rel}","templated":true}]}}