{"id":105,"date":"2021-05-08T15:23:14","date_gmt":"2021-05-08T13:23:14","guid":{"rendered":"http:\/\/jaussaud-expert.com\/?page_id=105"},"modified":"2021-05-08T15:23:14","modified_gmt":"2021-05-08T13:23:14","slug":"particuliers","status":"publish","type":"page","link":"https:\/\/jaussaud-expert.com\/index.php\/particuliers\/","title":{"rendered":"Particuliers"},"content":{"rendered":"\n<p>Le cabinet \u00e9tabli les d\u00e9clarations fiscales des particuliers\u00a0: <strong>Imp\u00f4t sur le Revenu<\/strong>, <strong>Imp\u00f4t sur la fortune immobili\u00e8re<\/strong>, <strong>D\u00e9claration des SCI<\/strong> (IR et IS), et des <strong>Loueurs Meubl\u00e9s<\/strong> (professionnels ou non).<\/p>\n\n\n\n<p>Apr\u00e8s analyse de votre situation fiscale personnelle, des arbitrages permettent d\u2019optimiser vos investissements immobiliers.<\/p>\n\n\n\n<ul><li>Investissements directs ou sous forme de soci\u00e9t\u00e9, choix du r\u00e9gime fiscal de la soci\u00e9t\u00e9,<\/li><li>Locations nues ou meubl\u00e9es<\/li><\/ul>\n","protected":false},"excerpt":{"rendered":"<p>Le cabinet \u00e9tabli les d\u00e9clarations fiscales des particuliers\u00a0: Imp\u00f4t sur le Revenu, Imp\u00f4t sur la fortune immobili\u00e8re, D\u00e9claration des SCI (IR et IS), et des Loueurs Meubl\u00e9s (professionnels ou non). Apr\u00e8s analyse de votre situation fiscale personnelle, des arbitrages permettent d\u2019optimiser vos investissements immobiliers. Investissements directs ou sous forme de soci\u00e9t\u00e9, choix du r\u00e9gime fiscal<br \/><a class=\"btn btn-theme post-btn\" href=\"https:\/\/jaussaud-expert.com\/index.php\/particuliers\/\">Read More<\/a><\/p>\n","protected":false},"author":1,"featured_media":0,"parent":0,"menu_order":0,"comment_status":"closed","ping_status":"closed","template":"","meta":[],"_links":{"self":[{"href":"https:\/\/jaussaud-expert.com\/index.php\/wp-json\/wp\/v2\/pages\/105"}],"collection":[{"href":"https:\/\/jaussaud-expert.com\/index.php\/wp-json\/wp\/v2\/pages"}],"about":[{"href":"https:\/\/jaussaud-expert.com\/index.php\/wp-json\/wp\/v2\/types\/page"}],"author":[{"embeddable":true,"href":"https:\/\/jaussaud-expert.com\/index.php\/wp-json\/wp\/v2\/users\/1"}],"replies":[{"embeddable":true,"href":"https:\/\/jaussaud-expert.com\/index.php\/wp-json\/wp\/v2\/comments?post=105"}],"version-history":[{"count":1,"href":"https:\/\/jaussaud-expert.com\/index.php\/wp-json\/wp\/v2\/pages\/105\/revisions"}],"predecessor-version":[{"id":106,"href":"https:\/\/jaussaud-expert.com\/index.php\/wp-json\/wp\/v2\/pages\/105\/revisions\/106"}],"wp:attachment":[{"href":"https:\/\/jaussaud-expert.com\/index.php\/wp-json\/wp\/v2\/media?parent=105"}],"curies":[{"name":"wp","href":"https:\/\/api.w.org\/{rel}","templated":true}]}}