{"id":102,"date":"2021-05-08T15:22:28","date_gmt":"2021-05-08T13:22:28","guid":{"rendered":"http:\/\/jaussaud-expert.com\/?page_id=102"},"modified":"2021-05-08T15:22:28","modified_gmt":"2021-05-08T13:22:28","slug":"createurs-repreneurs","status":"publish","type":"page","link":"https:\/\/jaussaud-expert.com\/index.php\/createurs-repreneurs\/","title":{"rendered":"Cr\u00e9ateurs \/ repreneurs"},"content":{"rendered":"\n<p>La cr\u00e9ation d\u2019entreprise est un parcours passionnant mais complexe et d\u00e9cisif pour votre avenir.<\/p>\n\n\n\n<p>Je vous apporte un soutien \u00e0 chaque \u00e9tape en anticipant les difficult\u00e9s et vous proposant les solutions adapt\u00e9es.<\/p>\n\n\n\n<ul><li><strong>Analyse de la faisabilit\u00e9<\/strong>\u00a0: prise de connaissance du projet, \u00e9tablissement du business plan<\/li><li><strong>Aide aux choix fiscaux et sociaux<\/strong>\u00a0: aide au choix de la forme juridique,\u00a0 r\u00e9daction des statuts, accomplissement des formalit\u00e9s d\u2019enregistrement<\/li><li>\u00a0<strong>Mise en place de l\u2019organisation administrative et comptable<\/strong><\/li><\/ul>\n","protected":false},"excerpt":{"rendered":"<p>La cr\u00e9ation d\u2019entreprise est un parcours passionnant mais complexe et d\u00e9cisif pour votre avenir. Je vous apporte un soutien \u00e0 chaque \u00e9tape en anticipant les difficult\u00e9s et vous proposant les solutions adapt\u00e9es. Analyse de la faisabilit\u00e9\u00a0: prise de connaissance du projet, \u00e9tablissement du business plan Aide aux choix fiscaux et sociaux\u00a0: aide au choix de<br \/><a class=\"btn btn-theme post-btn\" href=\"https:\/\/jaussaud-expert.com\/index.php\/createurs-repreneurs\/\">Read More<\/a><\/p>\n","protected":false},"author":1,"featured_media":0,"parent":0,"menu_order":0,"comment_status":"closed","ping_status":"closed","template":"","meta":[],"_links":{"self":[{"href":"https:\/\/jaussaud-expert.com\/index.php\/wp-json\/wp\/v2\/pages\/102"}],"collection":[{"href":"https:\/\/jaussaud-expert.com\/index.php\/wp-json\/wp\/v2\/pages"}],"about":[{"href":"https:\/\/jaussaud-expert.com\/index.php\/wp-json\/wp\/v2\/types\/page"}],"author":[{"embeddable":true,"href":"https:\/\/jaussaud-expert.com\/index.php\/wp-json\/wp\/v2\/users\/1"}],"replies":[{"embeddable":true,"href":"https:\/\/jaussaud-expert.com\/index.php\/wp-json\/wp\/v2\/comments?post=102"}],"version-history":[{"count":1,"href":"https:\/\/jaussaud-expert.com\/index.php\/wp-json\/wp\/v2\/pages\/102\/revisions"}],"predecessor-version":[{"id":103,"href":"https:\/\/jaussaud-expert.com\/index.php\/wp-json\/wp\/v2\/pages\/102\/revisions\/103"}],"wp:attachment":[{"href":"https:\/\/jaussaud-expert.com\/index.php\/wp-json\/wp\/v2\/media?parent=102"}],"curies":[{"name":"wp","href":"https:\/\/api.w.org\/{rel}","templated":true}]}}